068600 a multiple of 300?
True
Is 19317 a multiple of 137?
True
Does 5 divide 769521?
False
Is 456542 a multiple of 106?
True
Does 31 divide 639822?
False
Is 5678680 a multiple of 21?
False
Is 273203 a multiple of 217?
True
Does 37 divide 25301?
False
Is 5 a factor of 38462?
False
Does 64 divide 118464?
True
Does 64 divide 129336?
False
Is 144 a factor of 4907904?
False
Is 232 a factor of 532440?
True
Is 4788119 a multiple of 7?
True
Does 45 divide 3267945?
True
Is 8183427 a multiple of 1194?
False
Does 5 divide 14834?
False
Is 9 a factor of 392757?
False
Is 141635 a multiple of 65?
True
Is 129950 a multiple of 11?
False
Is 5 a factor of 127866?
False
Is 5 a factor of 600455?
True
Does 12 divide 108672?
True
Is 1309 even?
False
Does 8 divide 1307528?
True
Is 79 a factor of 1175915?
True
Is 235 a factor of 88792?
False
Is 1662787 a multiple of 17?
True
Is 5842487 a multiple of 83?
False
Is 53640 a multiple of 120?
True
Is 108855 a multiple of 44?
False
Is 17260 a multiple of 20?
True
Is 73 a factor of 736427?
False
Is 565704 a multiple of 162?
True
Does 8 divide 1084861?
False
Does 136 divide 11628249?
False
Does 16 divide 194125?
False
Is 7416600 a multiple of 1175?
True
Is 1339380 a multiple of 53?
False
Is 1757868 a multiple of 6?
True
Is 1526460 a multiple of 390?
True
Is 13 a factor of 1849403?
False
Is 1010 a factor of 2694680?
True
Is 1462832 a multiple of 112?
True
Is 74256 a multiple of 34?
True
Is 7403424 a multiple of 56?
True
Is 6463330 a multiple of 43?
True
Is 3181 a factor of 2859719?
True
Is 371275 a multiple of 22?
False
Is 25 a factor of 679750?
True
Is 587 a factor of 709096?
True
Is 28 a factor of 54283?
False
Is 2995185 a multiple of 2?
False
Does 833 divide 5539052?
False
Is 6 a factor of 137970?
True
Is 19 a factor of 16800351?
True
Is 396953 a multiple of 75?
False
Does 72 divide 39198?
False
Does 11 divide 213397?
False
Is 12 a factor of 13756341?
False
Is 562988 a multiple of 144?
False
Is 62 a factor of 10105690?
True
Is 34048 a multiple of 133?
True
Is 6057810 a multiple of 633?
True
Does 724 divide 14715300?
True
Is 10 a factor of 422388?
False
Is 209 a factor of 34903?
True
Is 520938 a multiple of 297?
True
Does 52 divide 1555528?
True
Does 386 divide 1430130?
True
Is 12 a factor of 8491264?
False
Is 17 a factor of 24288?
False
Is 2280096 a multiple of 6?
True
Is 9 a factor of 54045?
True
Is 442 a factor of 7020728?
True
Is 170 a factor of 31478?
False
Is 82 a factor of 11794962?
True
Is 536298 a multiple of 84?
False
Is 156748 a multiple of 52?
False
Is 5 a factor of 464402?
False
Is 44 a factor of 1545148?
True
Is 16 a factor of 316512?
True
Is 19089 a multiple of 9?
True
Is 545602 a multiple of 101?
True
Is 112787 a multiple of 13?
False
Is 164996 a multiple of 61?
False
Is 19 a factor of 7607562?
True
Does 472 divide 142544?
True
Is 117 a factor of 179127?
True
Does 73 divide 81056?
False
Is 130 a factor of 2545168?
False
Does 4 divide 1274623?
False
Is 3600 a multiple of 9?
True
Does 333 divide 22854228?
False
Is 43 a factor of 25147?
False
Is 229 a factor of 85013?
False
Is 29 a factor of 39040?
False
Is 98 a factor of 28536?
False
Is 992286 a multiple of 15?
False
Is 14 a factor of 165606?
True
Is 16 a factor of 7440524?
False
Is 27 a factor of 218893?
False
Does 5 divide 707061?
False
Is 2880906 a multiple of 266?
False
Does 178 divide 13082288?
True
Is 85 a factor of 233070?
True
Is 10 a factor of 130290?
True
Is 363350 a multiple of 50?
True
Is 3 a factor of 5453?
False
Does 231 divide 828259?
False
Is 26 a factor of 1023222?
False
Is 19 a factor of 180614?
True
Is 960 a factor of 2287680?
True
Is 1225840 a multiple of 4?
True
Is 5 a factor of 1659499?
False
Does 12 divide 254856?
True
Is 4 a factor of 2740?
True
Does 17 divide 7727185?
False
Is 13536228 a multiple of 9?
False
Is 822138 a multiple of 77?
False
Is 34 a factor of 182070?
True
Is 319 a factor of 127919?
True
Is 14708778 a multiple of 201?
True
Does 24 divide 77387?
False
Is 9021 a multiple of 48?
False
Is 327 a factor of 985905?
True
Is 19 a factor of 1043556?
True
Is 714053 a multiple of 28?
False
Does 139 divide 2363?
True
Is 26 a factor of 341484?
True
Is 7 a factor of 6470007?
False
Does 7 divide 780404?
False
Does 5 divide 76729?
False
Does 22 divide 10783955?
False
Is 344 a factor of 144824?
True
Is 62867 a multiple of 63?
False
Is 30 a factor of 563721?
False
Is 1657227 a multiple of 143?
True
Does 280 divide 11606000?
True
Does 13 divide 63117?
False
Is 97536 a multiple of 12?
True
Is 194925 a multiple of 3?
True
Is 1854894 a multiple of 921?
True
Does 155 divide 9006430?
True
Does 3 divide 1091545?
False
Does 47 divide 1442947?
True
Is 157216 a multiple of 121?
False
Is 2 a factor of 4712?
True
Is 356976 a multiple of 148?
True
Is 187910 a multiple of 130?
False
Is 32 a factor of 368320?
True
Is 2958704 a multiple of 9?
False
Is 713572 a multiple of 8?
False
Does 139 divide 41474?
False
Is 5 a factor of 921225?
True
Is 50 a factor of 36300?
True
Is 23 a factor of 3681064?
False
Does 3 divide 602994?
True
Does 193 divide 186778?
False
Is 47545 a multiple of 17?
False
Does 662 divide 20516042?
True
Is 14 a factor of 283471?
False
Is 31 a factor of 11918?
False
Does 13 divide 468559?
True
Is 77385 a multiple of 35?
True
Is 51550 a multiple of 13?
False
Is 10 a factor of 228242?
False
Is 138639 a multiple of 37?
True
Does 110 divide 184183?
False
Does 2 divide 25129?
False
Is 4475774 a multiple of 12?
False
Is 137 a factor of 2891028?
False
Is 147394 a multiple of 6?
False
Is 463935 a multiple of 785?
True
Is 85 a factor of 81760?
False
Is 452329 a multiple of 8?
False
Does 36 divide 138528?
True
Is 14 a factor of 1578500?
True
Is 19870 a multiple of 7?
False
Is 5921 a multiple of 33?
False
Is 321 a factor of 6965700?
True
Does 4 divide 276272?
True
Does 11 divide 105519?
False
Is 29 a factor of 246384?
True
Is 31767 even?
False
Does 1041 divide 1770919?
False
Does 1399 divide 114431?
False
Does 92 divide 597920?
False
Is 26893 a multiple of 11?
False
Is 37023 a multiple of 21?
True
Is 2 a factor of 73441?
False
Is 5 a factor of 7580199?
False
Is 18 a factor of 581251?
False
Is 21 a factor of 4543812?
True
Does 6 divide 2053308?
True
Is 4 a factor of 676525?
False
Does 117 divide 896718?
False
Does 87 divide 607717?
False
Is 149291 a multiple of 12?
False
Does 6 divide 91681?
False
Is 149 a factor of 1454022?
False
Is 24 a factor of 100568?
False
Is 81 a factor of 65448?
True
Is 764998 even?
True
Does 223 divide 8736248?
True
Is 165416 a multiple of 92?
True
Is 86706 a multiple of 16?
False
Is 173919 a multiple of 30?
False
Is 467250 a multiple of 50?
True
Is 467 a factor of 2565698?
True
Is 235664 a multiple of 52?
True
Is 17 a factor of 3680415?
True
Is 450 a factor of 599850?
True
Does 28 divide 164192?
True
Does 5 divide 243086?
False
Is 10 a factor of 8640?
True
Is 8804327 a multiple of 251?
True
Does 15 divide 1636050?
True
Does 188 divide 3671201?
False
Is 398306 a multiple of 3?
False
Is 370248 a multiple of 6?
True
Is 55 a factor of 91549?
False
Does 15 divide 521334?
False
Is 423 a factor of 892928?
False
Does 151 divide 2007968?
False
Is 2399400 a multiple of 300?
True
Is 134218 a multiple of 60?
False
Is 1030 a factor of 3084840?
False
Does 7 divide 1500303?
True
Does 47 divide 5481798?
True
Is 50 a factor of 14588996?
False
Does 313 divide 1113967?
True
Does 101 divide 788537?
False
Is 2712876 a multiple of 15?
False
Is 218467 a multiple of 17?
True
Is 201957 a multiple of 83?
False
Is 3 a factor of 1881?
True
Is 6763514 a multiple of 53?
False
Is 225 a factor of 876375?
True
Does 18 divide 302699?
False
Does 271 divide 1459606?
True
Is 750706 a multiple of 15?
False
Is 1008 a factor of 1096836?
False
Is 2 a factor of 564093?
False
Is 1656187 a multiple of 9?
False
Does 16 divide 357737?
False
Does 12 divide 8307204?
True
Is 4601 a multiple of 5?
False
Is 212 a factor of 51728?
True
Does 33 divide 870210?
True
Does 53 divide 13608036?
False
Is 10 a factor of 6524760?
True
Is 97087 a multiple of 15?
False
Is 919122 a multiple of 55?
False
Does 14 divide 333009?
False
Is 708080 a multiple of 101?
False
Is 311 a factor of 176556?
False
Is 2 a factor of 200480?
True
Does 12 divide 174480?
True
Does 6 divide 12429?
False
Do